{"id":94,"date":"2019-05-28T10:51:06","date_gmt":"2019-05-28T08:51:06","guid":{"rendered":"http:\/\/rkd.es\/blog\/?post_type=product&#038;p=94"},"modified":"2020-07-14T13:40:12","modified_gmt":"2020-07-14T11:40:12","slug":"pantalon-rkd","status":"publish","type":"product","link":"https:\/\/rkd.es\/blog\/producto\/pantalon-rkd\/","title":{"rendered":"Pantal\u00f3n de trabajo RKD"},"content":{"rendered":"","protected":false},"excerpt":{"rendered":"<p>Pantal\u00f3n de trabajo confeccionado en algod\u00f3n y con el logotipo de RKD PIVOT en el bolsillo lateral izquierdo<\/p>\n","protected":false},"featured_media":95,"template":"","meta":[],"product_brand":[],"product_cat":[41],"product_tag":[42,34,43],"class_list":{"0":"post-94","1":"product","2":"type-product","3":"status-publish","4":"has-post-thumbnail","6":"product_cat-merchandising","7":"product_tag-pantalon","8":"product_tag-rkd","9":"product_tag-trabajo","11":"first","12":"instock","13":"shipping-taxable","14":"purchasable","15":"product-type-variable"},"yoast_head":"<!-- This site is optimized with the Yoast SEO plugin v26.1.1 - https:\/\/yoast.com\/wordpress\/plugins\/seo\/ -->\n<title>Pantal\u00f3n de trabajo RKD - CENTER PIVOT IRRIGATION SYSTEM DESIGN RKD<\/title>\n<meta name=\"robots\" content=\"index, follow, max-snippet:-1, max-image-preview:large, max-video-preview:-1\" \/>\n<link rel=\"canonical\" href=\"https:\/\/rkd.es\/blog\/producto\/pantalon-rkd\/\" \/>\n<meta property=\"og:locale\" content=\"es_ES\" \/>\n<meta property=\"og:type\" content=\"article\" \/>\n<meta property=\"og:title\" content=\"Pantal\u00f3n de trabajo RKD - CENTER PIVOT IRRIGATION SYSTEM DESIGN RKD\" \/>\n<meta property=\"og:description\" content=\"Pantal\u00f3n de trabajo confeccionado en algod\u00f3n y con el logotipo de RKD PIVOT en el bolsillo lateral izquierdo\" \/>\n<meta property=\"og:url\" content=\"https:\/\/rkd.es\/blog\/producto\/pantalon-rkd\/\" \/>\n<meta property=\"og:site_name\" content=\"CENTER PIVOT IRRIGATION SYSTEM DESIGN RKD\" \/>\n<meta property=\"article:modified_time\" content=\"2020-07-14T11:40:12+00:00\" \/>\n<meta property=\"og:image\" content=\"https:\/\/rkd.es\/blog\/wp-content\/uploads\/2019\/05\/pantalon-rkd-falso.jpg\" \/>\n\t<meta property=\"og:image:width\" content=\"1049\" \/>\n\t<meta property=\"og:image:height\" content=\"1165\" \/>\n\t<meta property=\"og:image:type\" content=\"image\/jpeg\" \/>\n<meta name=\"twitter:card\" content=\"summary_large_image\" \/>\n<script type=\"application\/ld+json\" class=\"yoast-schema-graph\">{\"@context\":\"https:\/\/schema.org\",\"@graph\":[{\"@type\":\"WebPage\",\"@id\":\"https:\/\/rkd.es\/blog\/producto\/pantalon-rkd\/\",\"url\":\"https:\/\/rkd.es\/blog\/producto\/pantalon-rkd\/\",\"name\":\"Pantal\u00f3n de trabajo RKD - CENTER PIVOT IRRIGATION SYSTEM DESIGN RKD\",\"isPartOf\":{\"@id\":\"https:\/\/rkd.es\/blog\/#website\"},\"primaryImageOfPage\":{\"@id\":\"https:\/\/rkd.es\/blog\/producto\/pantalon-rkd\/#primaryimage\"},\"image\":{\"@id\":\"https:\/\/rkd.es\/blog\/producto\/pantalon-rkd\/#primaryimage\"},\"thumbnailUrl\":\"https:\/\/rkd.es\/blog\/wp-content\/uploads\/2019\/05\/pantalon-rkd-falso.jpg\",\"datePublished\":\"2019-05-28T08:51:06+00:00\",\"dateModified\":\"2020-07-14T11:40:12+00:00\",\"breadcrumb\":{\"@id\":\"https:\/\/rkd.es\/blog\/producto\/pantalon-rkd\/#breadcrumb\"},\"inLanguage\":\"es\",\"potentialAction\":[{\"@type\":\"ReadAction\",\"target\":[\"https:\/\/rkd.es\/blog\/producto\/pantalon-rkd\/\"]}]},{\"@type\":\"ImageObject\",\"inLanguage\":\"es\",\"@id\":\"https:\/\/rkd.es\/blog\/producto\/pantalon-rkd\/#primaryimage\",\"url\":\"https:\/\/rkd.es\/blog\/wp-content\/uploads\/2019\/05\/pantalon-rkd-falso.jpg\",\"contentUrl\":\"https:\/\/rkd.es\/blog\/wp-content\/uploads\/2019\/05\/pantalon-rkd-falso.jpg\",\"width\":1049,\"height\":1165},{\"@type\":\"BreadcrumbList\",\"@id\":\"https:\/\/rkd.es\/blog\/producto\/pantalon-rkd\/#breadcrumb\",\"itemListElement\":[{\"@type\":\"ListItem\",\"position\":1,\"name\":\"Portada\",\"item\":\"https:\/\/rkd.es\/blog\/\"},{\"@type\":\"ListItem\",\"position\":2,\"name\":\"Tienda\",\"item\":\"https:\/\/rkd.es\/blog\/tienda\/\"},{\"@type\":\"ListItem\",\"position\":3,\"name\":\"Pantal\u00f3n de trabajo RKD\"}]},{\"@type\":\"WebSite\",\"@id\":\"https:\/\/rkd.es\/blog\/#website\",\"url\":\"https:\/\/rkd.es\/blog\/\",\"name\":\"CENTER PIVOT IRRIGATION SYSTEM DESIGN RKD\",\"description\":\"Sistemas de riego para grandes superficies\",\"publisher\":{\"@id\":\"https:\/\/rkd.es\/blog\/#organization\"},\"potentialAction\":[{\"@type\":\"SearchAction\",\"target\":{\"@type\":\"EntryPoint\",\"urlTemplate\":\"https:\/\/rkd.es\/blog\/?s={search_term_string}\"},\"query-input\":{\"@type\":\"PropertyValueSpecification\",\"valueRequired\":true,\"valueName\":\"search_term_string\"}}],\"inLanguage\":\"es\"},{\"@type\":\"Organization\",\"@id\":\"https:\/\/rkd.es\/blog\/#organization\",\"name\":\"RKD Pivot\",\"url\":\"https:\/\/rkd.es\/blog\/\",\"logo\":{\"@type\":\"ImageObject\",\"inLanguage\":\"es\",\"@id\":\"https:\/\/rkd.es\/blog\/#\/schema\/logo\/image\/\",\"url\":\"https:\/\/rkd.es\/blog\/wp-content\/uploads\/2019\/05\/favicon.png\",\"contentUrl\":\"https:\/\/rkd.es\/blog\/wp-content\/uploads\/2019\/05\/favicon.png\",\"width\":214,\"height\":214,\"caption\":\"RKD Pivot\"},\"image\":{\"@id\":\"https:\/\/rkd.es\/blog\/#\/schema\/logo\/image\/\"}}]}<\/script>\n<!-- \/ Yoast SEO plugin. -->","yoast_head_json":{"title":"Pantal\u00f3n de trabajo RKD - CENTER PIVOT IRRIGATION SYSTEM DESIGN RKD","robots":{"index":"index","follow":"follow","max-snippet":"max-snippet:-1","max-image-preview":"max-image-preview:large","max-video-preview":"max-video-preview:-1"},"canonical":"https:\/\/rkd.es\/blog\/producto\/pantalon-rkd\/","og_locale":"es_ES","og_type":"article","og_title":"Pantal\u00f3n de trabajo RKD - CENTER PIVOT IRRIGATION SYSTEM DESIGN RKD","og_description":"Pantal\u00f3n de trabajo confeccionado en algod\u00f3n y con el logotipo de RKD PIVOT en el bolsillo lateral izquierdo","og_url":"https:\/\/rkd.es\/blog\/producto\/pantalon-rkd\/","og_site_name":"CENTER PIVOT IRRIGATION SYSTEM DESIGN RKD","article_modified_time":"2020-07-14T11:40:12+00:00","og_image":[{"width":1049,"height":1165,"url":"https:\/\/rkd.es\/blog\/wp-content\/uploads\/2019\/05\/pantalon-rkd-falso.jpg","type":"image\/jpeg"}],"twitter_card":"summary_large_image","schema":{"@context":"https:\/\/schema.org","@graph":[{"@type":"WebPage","@id":"https:\/\/rkd.es\/blog\/producto\/pantalon-rkd\/","url":"https:\/\/rkd.es\/blog\/producto\/pantalon-rkd\/","name":"Pantal\u00f3n de trabajo RKD - CENTER PIVOT IRRIGATION SYSTEM DESIGN RKD","isPartOf":{"@id":"https:\/\/rkd.es\/blog\/#website"},"primaryImageOfPage":{"@id":"https:\/\/rkd.es\/blog\/producto\/pantalon-rkd\/#primaryimage"},"image":{"@id":"https:\/\/rkd.es\/blog\/producto\/pantalon-rkd\/#primaryimage"},"thumbnailUrl":"https:\/\/rkd.es\/blog\/wp-content\/uploads\/2019\/05\/pantalon-rkd-falso.jpg","datePublished":"2019-05-28T08:51:06+00:00","dateModified":"2020-07-14T11:40:12+00:00","breadcrumb":{"@id":"https:\/\/rkd.es\/blog\/producto\/pantalon-rkd\/#breadcrumb"},"inLanguage":"es","potentialAction":[{"@type":"ReadAction","target":["https:\/\/rkd.es\/blog\/producto\/pantalon-rkd\/"]}]},{"@type":"ImageObject","inLanguage":"es","@id":"https:\/\/rkd.es\/blog\/producto\/pantalon-rkd\/#primaryimage","url":"https:\/\/rkd.es\/blog\/wp-content\/uploads\/2019\/05\/pantalon-rkd-falso.jpg","contentUrl":"https:\/\/rkd.es\/blog\/wp-content\/uploads\/2019\/05\/pantalon-rkd-falso.jpg","width":1049,"height":1165},{"@type":"BreadcrumbList","@id":"https:\/\/rkd.es\/blog\/producto\/pantalon-rkd\/#breadcrumb","itemListElement":[{"@type":"ListItem","position":1,"name":"Portada","item":"https:\/\/rkd.es\/blog\/"},{"@type":"ListItem","position":2,"name":"Tienda","item":"https:\/\/rkd.es\/blog\/tienda\/"},{"@type":"ListItem","position":3,"name":"Pantal\u00f3n de trabajo RKD"}]},{"@type":"WebSite","@id":"https:\/\/rkd.es\/blog\/#website","url":"https:\/\/rkd.es\/blog\/","name":"CENTER PIVOT IRRIGATION SYSTEM DESIGN RKD","description":"Sistemas de riego para grandes superficies","publisher":{"@id":"https:\/\/rkd.es\/blog\/#organization"},"potentialAction":[{"@type":"SearchAction","target":{"@type":"EntryPoint","urlTemplate":"https:\/\/rkd.es\/blog\/?s={search_term_string}"},"query-input":{"@type":"PropertyValueSpecification","valueRequired":true,"valueName":"search_term_string"}}],"inLanguage":"es"},{"@type":"Organization","@id":"https:\/\/rkd.es\/blog\/#organization","name":"RKD Pivot","url":"https:\/\/rkd.es\/blog\/","logo":{"@type":"ImageObject","inLanguage":"es","@id":"https:\/\/rkd.es\/blog\/#\/schema\/logo\/image\/","url":"https:\/\/rkd.es\/blog\/wp-content\/uploads\/2019\/05\/favicon.png","contentUrl":"https:\/\/rkd.es\/blog\/wp-content\/uploads\/2019\/05\/favicon.png","width":214,"height":214,"caption":"RKD Pivot"},"image":{"@id":"https:\/\/rkd.es\/blog\/#\/schema\/logo\/image\/"}}]}},"_links":{"self":[{"href":"https:\/\/rkd.es\/blog\/wp-json\/wp\/v2\/product\/94","targetHints":{"allow":["GET"]}}],"collection":[{"href":"https:\/\/rkd.es\/blog\/wp-json\/wp\/v2\/product"}],"about":[{"href":"https:\/\/rkd.es\/blog\/wp-json\/wp\/v2\/types\/product"}],"wp:featuredmedia":[{"embeddable":true,"href":"https:\/\/rkd.es\/blog\/wp-json\/wp\/v2\/media\/95"}],"wp:attachment":[{"href":"https:\/\/rkd.es\/blog\/wp-json\/wp\/v2\/media?parent=94"}],"wp:term":[{"taxonomy":"product_brand","embeddable":true,"href":"https:\/\/rkd.es\/blog\/wp-json\/wp\/v2\/product_brand?post=94"},{"taxonomy":"product_cat","embeddable":true,"href":"https:\/\/rkd.es\/blog\/wp-json\/wp\/v2\/product_cat?post=94"},{"taxonomy":"product_tag","embeddable":true,"href":"https:\/\/rkd.es\/blog\/wp-json\/wp\/v2\/product_tag?post=94"}],"curies":[{"name":"wp","href":"https:\/\/api.w.org\/{rel}","templated":true}]}}